1 a factor of 903?
True
Does 110 divide 11289?
False
Is 7426 a multiple of 79?
True
Is 235 a multiple of 2?
False
Does 8 divide 2352?
True
Is 65 a factor of 22685?
True
Is 117 a factor of 8052?
False
Is 346 a multiple of 2?
True
Is 6852 a multiple of 12?
True
Is 432 a multiple of 9?
True
Is 21 a factor of 3276?
True
Is 5 a factor of 11660?
True
Does 61 divide 3233?
True
Does 50 divide 35015?
False
Is 31 a factor of 1752?
False
Is 19305 a multiple of 9?
True
Does 38 divide 3762?
True
Is 32550 a multiple of 155?
True
Does 6 divide 17616?
True
Is 29828 a multiple of 30?
False
Is 114445 a multiple of 235?
True
Is 28 a multiple of 7?
True
Does 6 divide 280?
False
Is 26 a factor of 5788?
False
Does 32 divide 5216?
True
Is 3288 a multiple of 27?
False
Is 170 a multiple of 2?
True
Is 8 a factor of 3944?
True
Is 132 a factor of 35273?
False
Is 92 a factor of 10528?
False
Does 6 divide 300?
True
Does 14 divide 4507?
False
Is 11869 a multiple of 11?
True
Is 21 a factor of 903?
True
Is 297 a multiple of 27?
True
Is 26752 a multiple of 209?
True
Is 182 a multiple of 14?
True
Is 50783 a multiple of 14?
False
Is 7453 a multiple of 134?
False
Does 17 divide 510?
True
Does 65 divide 52605?
False
Is 99 a factor of 4985?
False
Is 59 a factor of 1121?
True
Is 15806 a multiple of 14?
True
Is 9 a factor of 757?
False
Does 69 divide 24097?
False
Is 33 a factor of 7161?
True
Is 15400 a multiple of 55?
True
Does 141 divide 16920?
True
Is 34 a factor of 3414?
False
Is 65 a factor of 1699?
False
Is 11 a factor of 1161?
False
Is 147 a factor of 14966?
False
Is 1246 a multiple of 34?
False
Does 8 divide 2033?
False
Does 53 divide 10070?
True
Is 34872 a multiple of 24?
True
Is 2147 a multiple of 21?
False
Is 8244 a multiple of 12?
True
Is 93 a factor of 55226?
False
Does 183 divide 50723?
False
Is 30 a factor of 13740?
True
Is 15 a factor of 70935?
True
Is 8 a factor of 21016?
True
Does 176 divide 81134?
False
Does 5 divide 160?
True
Does 20 divide 4980?
True
Is 493 a factor of 106981?
True
Is 1044 a multiple of 18?
True
Is 76 a factor of 686?
False
Is 618 a multiple of 31?
False
Does 16 divide 3600?
True
Does 14 divide 1638?
True
Is 47 a factor of 1269?
True
Is 85 a factor of 11012?
False
Is 6655 a multiple of 19?
False
Is 20 a factor of 18970?
False
Is 624 a multiple of 78?
True
Does 72 divide 1296?
True
Is 48327 a multiple of 97?
False
Does 26 divide 2185?
False
Is 368 a multiple of 8?
True
Is 16 a factor of 5077?
False
Is 10451 a multiple of 7?
True
Is 1836 a multiple of 27?
True
Does 17 divide 340?
True
Is 9 a factor of 17433?
True
Is 5 a factor of 3000?
True
Is 17 a factor of 6783?
True
Is 1120 a multiple of 7?
True
Is 3993 a multiple of 25?
False
Is 7 a factor of 4368?
True
Is 4855 a multiple of 28?
False
Is 1880 a multiple of 20?
True
Is 8 a factor of 10808?
True
Is 35 a factor of 4519?
False
Does 11 divide 902?
True
Is 25 a factor of 37150?
True
Is 43450 a multiple of 158?
True
Is 6104 a multiple of 11?
False
Is 15 a factor of 27600?
True
Is 4 a factor of 5951?
False
Does 9 divide 519?
False
Is 12 a factor of 7918?
False
Is 993 a multiple of 3?
True
Is 23 a factor of 5231?
False
Is 31 a factor of 8122?
True
Is 4485 a multiple of 65?
True
Is 4281 a multiple of 9?
False
Is 67167 a multiple of 51?
True
Does 50 divide 3350?
True
Does 6 divide 528?
True
Is 17 a factor of 1088?
True
Is 9 a factor of 2358?
True
Does 26 divide 9048?
True
Does 4 divide 1188?
True
Is 1345 a multiple of 14?
False
Is 8 a factor of 1289?
False
Does 19 divide 203?
False
Is 200 a factor of 10989?
False
Is 6 a factor of 304?
False
Is 34 a factor of 709?
False
Is 9 a factor of 95?
False
Is 21 a factor of 504?
True
Does 17 divide 7835?
False
Is 6 a factor of 14886?
True
Is 2867 a multiple of 7?
False
Does 210 divide 42630?
True
Is 10 a factor of 1073?
False
Is 2288 a multiple of 44?
True
Is 37 a factor of 65638?
True
Is 880 a multiple of 40?
True
Is 15 a factor of 50190?
True
Is 103900 a multiple of 25?
True
Is 14413 a multiple of 29?
True
Is 25 a factor of 8975?
True
Does 19 divide 1501?
True
Does 13 divide 9318?
False
Is 9 a factor of 434?
False
Is 460 a multiple of 23?
True
Is 4 a factor of 3054?
False
Does 106 divide 2332?
True
Is 473 a multiple of 12?
False
Is 42 a factor of 4368?
True
Is 22 a factor of 1912?
False
Is 1677 a multiple of 13?
True
Does 128 divide 20678?
False
Is 8 a factor of 424?
True
Does 149 divide 10728?
True
Is 11 a factor of 578?
False
Is 5 a factor of 837?
False
Does 17 divide 14382?
True
Is 66 a factor of 3894?
True
Is 55 a factor of 1523?
False
Is 124 a factor of 98456?
True
Is 3584 a multiple of 68?
False
Does 28 divide 853?
False
Is 23 a factor of 11385?
True
Is 3727 a multiple of 8?
False
Does 9 divide 18423?
True
Does 85 divide 1297?
False
Does 29 divide 2813?
True
Is 5201 even?
False
Is 168 a factor of 10416?
True
Is 12 a factor of 10980?
True
Is 198 a factor of 65518?
False
Does 68 divide 4624?
True
Is 490 a multiple of 115?
False
Is 8 a factor of 12078?
False
Is 5 a factor of 15607?
False
Is 2 a factor of 37?
False
Is 42115 a multiple of 144?
False
Is 14364 a multiple of 114?
True
Is 29 a factor of 674?
False
Does 15 divide 2516?
False
Does 24 divide 131?
False
Is 1360 a multiple of 20?
True
Is 743 a multiple of 3?
False
Does 8 divide 56?
True
Does 17 divide 16779?
True
Does 14 divide 13556?
False
Is 33 a factor of 21457?
False
Is 4 a factor of 5125?
False
Does 90 divide 4050?
True
Does 17 divide 89394?
False
Does 3 divide 22?
False
Is 107 a factor of 34347?
True
Is 81 a factor of 587?
False
Does 57 divide 57?
True
Is 6 a factor of 12354?
True
Is 21 a factor of 54513?
False
Is 1700 a multiple of 18?
False
Is 88 a factor of 3664?
False
Is 16337 a multiple of 17?
True
Does 14 divide 364?
True
Does 142 divide 1136?
True
Is 18 a factor of 3099?
False
Is 481 a multiple of 2?
False
Is 176 a factor of 12323?
False
Is 63 a factor of 2016?
True
Does 16 divide 944?
True
Is 99 a factor of 8703?
False
Does 146 divide 8760?
True
Is 83 a multiple of 2?
False
Does 157 divide 23864?
True
Is 4116 a multiple of 66?
False
Is 1107 a multiple of 41?
True
Is 26 a factor of 55?
False
Is 54 a factor of 75006?
True
Is 11 a factor of 1469?
False
Does 15 divide 285?
True
Is 8 a factor of 480?
True
Is 15 a factor of 210?
True
Is 3 a factor of 359?
False
Is 80366 a multiple of 13?
True
Is 22 a factor of 823?
False
Is 132 a multiple of 6?
True
Does 80 divide 1680?
True
Is 128 a multiple of 8?
True
Does 14 divide 188?
False
Is 32 a factor of 1319?
False
Does 36 divide 864?
True
Does 254 divide 11724?
False
Is 47461 a multiple of 6?
False
Is 11600 a multiple of 16?
True
Is 6 a factor of 1254?
True
Is 115455 a multiple of 15?
True
Does 36 divide 29754?
False
Does 12 divide 12588?
True
Does 20 divide 102?
False
Is 165 a factor of 4290?
True
Does 51 divide 8262?
True
Does 9 divide 17122?
False
Is 11 a factor of 132939?
False
Is 15 a factor of 2893?
False
Is 238 a multiple of 17?
True
Does 19 divide 21280?
True
Does 166 divide 10739?
False
Is 706 a multiple of 11?
False
Does 5 divide 200?
True
Is 1145 a multiple of 4?
False
Is 76044 a multiple of 70?
False
Is 1418 a multiple of 28?
False
Is 442 a multiple of 3?
False
Is 4 a factor of 167?
False
Does 232 divide 8908?
False
Is 5 a factor of 175?
True
Is 23267 a multiple of 6?
False
Is 27 a factor of 267?
False
Does 2 divide 69?
False
Is 1566 a multiple of 54?
True
Does 88 divide 39883?
False
Is 2 a factor of 369?
False
Is 14 a factor of 1427?
False
Is 46380 a multiple of 11?
False
Does 19 divide 19?
True
Does 88 divide 53073?
False
Is 4748 a multiple of 12?
False
Does 8 divide 81?
False
Is 15 a factor of 4620?
True
Is 5 a factor of 23221?
False
Is 10 a factor of 280?
True
Is 16578 a multiple of 25?
False
Is 908 a multiple of 5?
False
Does 91 divide 1366?
False
Does 56 divide 3752?
True
Is 3 a factor of 58?
False
Is 79 a factor of 4977?
True
Is 100572 a multiple of 51?
True
Does 51 divide 143?
False
Is 2915 a multiple of 5?
True
Is 9 a factor of 38387?
False
Does 13 divide 4614?
False
Is 9883 a multiple of 18?
False
Is 8 a factor of 449?
False
Is 34 a factor of 8615?
False
Is 26 a factor of 52?
True
Is 4566 a multiple of 187?
False
Does 14 divide 406?
True
Is 4500 a multiple of 100?
True
Is 40 a multiple of 10?
True
Is 16222 a multiple of 3?
Fals